). List the prime factors of -4 - h - 10608/(-16).
661
Suppose 1304 = -8*f - 448. Let n = f + 351. What are the prime factors of n?
2, 3, 11
Let f(z) = z**2 + 4*z - 4. Let y be f(3). Let u = y - 5. Let l(h) = h**2 - 2*h - 15. What are the prime factors of l(u)?
3, 5, 7
Let o(h) = h**3 + 2*h**2 + 2*h + 13. Let w be o(0). Suppose w = 2*b - 21. Let a = b - -2. What are the prime factors of a?
19
Suppose l + 4*l = 10. Let y(w) = w**2 - 4*w**2 + 2 + 1 - 11*w + 5*w**l. What are the prime factors of y(8)?
43
Let g(h) = -5*h**2 - 51*h + 15. Let d be g(-15). Let z = 1034 + d. List the prime factors of z.
13, 53
Let l be (2 - 1)*(5 - 5)/3. Let m(j) = 2*j**3 - 2*j**2 + 2*j + 446. What are the prime factors of m(l)?
2, 223
Let d(v) = -25*v - 25. Let c be d(-3). Let k = 55 - c. Suppose 491 = k*i - 3*a, 0*a + 10 = -5*a. What are the prime factors of i?
97
Suppose -6 = m - 0. List the prime factors of (m/(-4))/((-30)/(-7840)).
2, 7
Suppose -12*r = 7215 - 2139. Let s = 472 + r. What are the prime factors of s?
7
Let o be (84/(-20))/(3/(-15)). Suppose 0 = -2*m - 3*a + o + 210, 2*m - 234 = -2*a. Suppose 3*p = c + m, -5*p + 5*c + 156 + 54 = 0. List the prime factors of p.
3, 13
Let b(p) = -p**3 + 13*p**2 + 19*p - 32. Let v = -167 + 180. List the prime factors of b(v).
5, 43
Let o(a) = 95*a - 4. Let j be o(2). Suppose -2*z + j + 306 = 0. Suppose 5*u + i = 237, 5*u = 2*i - 0*i + z. List the prime factors of u.
2, 3
Suppose 36*m - 54*m = -93474. What are the prime factors of m?
3, 577
Let k(l) = -l - 26. Let s be k(-27). Suppose 7*d = -s + 29. Suppose -15*u + d*u + 1199 = 0. List the prime factors of u.
109
Let y be (-1 - -7)/((-16)/3288). Let q be ((-4)/(-3))/(3/y*2). Let s = -138 - q. List the prime factors of s.
2, 17
Let a(p) = 4283*p - 3931. List the prime factors of a(4).
43, 307
Suppose 0 = -i - 2*r + 13489, 0 = -8*i - 6*r + 11*r + 108038. List the prime factors of i.
23, 587
Let s be 7*1 + (15/(-5) - -4). What are the prime factors of (-54417)/(-99) - s/(-6)?
19, 29
Let a be (1150/(-4) + -3)/(9/(-18)). Let t = a - 271. List the prime factors of t.
2, 5, 31
Suppose 46*q - 84*q + 40*q - 85490 = 0. List the prime factors of q.
5, 83, 103
Suppose 17 = 7*u - 4. Suppose 0 = u*o - 3, -3*o + 945 = 2*m - 8*o. What are the prime factors of m?
5, 19
Suppose 0 = 4*r + 5*w - 40315, 10*w = r + 14*w - 10065. List the prime factors of r.
5, 2017
List the prime factors of (10 - 13) + 14/(-4)*-1744.
6101
Let y = 14 + -26. Let k(w) = -3*w**2 + 91*w + 175. Let b be k(32). List the prime factors of -3 + (-4)/y*22*b.
107
Let d(u) = 10*u**2 - 5*u**2 - 14 - 17*u - 3*u**2. Let p be d(14). Suppose -18*i - p = -22*i. What are the prime factors of i?
5, 7
Suppose -44*b = -0*b - 18*b - 18096. List the prime factors of b.
2, 3, 29
Let n(f) = 45*f**2 - 4*f + 165. List the prime factors of n(-14).
9041
Let o = -85 - -87. What are the prime factors of (4 + -3 + 99)*o?
2, 5
Let j be ((-55)/(-10))/((-8)/16). Let n(m) = 5*m**2 + m - 42. What are the prime factors of n(j)?
2, 3, 23
Suppose -3*f - 238041 - 1202763 = -35*g, -4*g + 164670 = 3*f. List the prime factors of g.
2, 3, 2287
Let o be 60/(-14) - 4/(-14). Let b(q) be the first derivative of -q**3/3 - 3*q**2 - 3*q - 365. What are the prime factors of b(o)?
5
Let h be ((-801)/(-12) - -4) + (-2)/(-8). Suppose -g = -0*g - h. Suppose 2*o + 2 = 0, 2*o = y - 57 - g. List the prime factors of y.
2, 3, 7
Suppose -4*o + 250183 = 3*k, 4*o - k - 6*k - 250253 = 0. What are the prime factors of o?
71, 881
Let x be 1287/(-36)*-6 + 1/2. Suppose 218*w - x*w = 1113. What are the prime factors of w?
7, 53
Suppose 0 = 7*f - 2388 - 23029. Suppose -4352 = -9*o + f. What are the prime factors of o?
887
Suppose -5*w = 58 - 63, 2*s = w + 11. What are the prime factors of s?
2, 3
Let a be 13/((-182)/(-4))*7. Suppose -9*j + 1351 = -a*j. List the prime factors of j.
193
Suppose 186*l = 187*l - 68. Suppose 3*x + l - 362 = 0. List the prime factors of x.
2, 7
Suppose 1 = 5*i - 59. Suppose -4*s + i = -12. What are the prime factors of 117 + 1 - s/(4 + -2)?
5, 23
Let t(z) = -26*z**3 + z**2 - 26*z + 24. What are the prime factors of t(-11)?
3, 17, 229
Suppose -7*t + 20 = -3*t, -t + 15 = 5*f. Suppose k = f*m - 6*m + 136, -665 = -5*k - 5*m. What are the prime factors of k?
2, 3, 11
Let o(u) = -1990*u - 646. What are the prime factors of o(-7)?
2, 3, 41
Let l be ((-924)/55 + 16)/(2/(-5)). Let w(i) = 2*i**2 - i + 1. Let h be w(1). Suppose -7*b - l*t = -5*b - 48, 48 = h*b - 3*t. What are the prime factors of b?
2, 3
Suppose -10*q = -7*q - 12. Suppose 9*t - q*t - 160 = 0. What are the prime factors of t?
2
Suppose 3*z - 9953 = -2*n, 4*n + 4529 = -5*z + 21114. List the prime factors of z.
3, 41
Suppose 3*u + 19 = -35. Let v be (-9)/2*12/u. Suppose -50 = v*i - 8*i. List the prime factors of i.
2, 5
Let a(b) = 13*b**2 - 141*b - 2043. What are the prime factors of a(-13)?
1987
Suppose 4*o + 342 = -5*o. Let v = -44 - o. Let n(m) = m**3 + 8*m**2 - 2*m + 3. What are the prime factors of n(v)?
3, 29
Let c(w) = 23*w**3 + 12*w**2 + 5*w - 34. Let r(p) = -12*p**3 - 5*p**2 - 3*p + 17. Let b(u) = -4*c(u) - 9*r(u). List the prime factors of b(3).
409
Let n(i) = 27*i + 110. Let t = -122 + 143. List the prime factors of n(t).
677
Let d = 176 - 172. Suppose 4*i - 330 = -f, -f - d*i = -5*i - 355. List the prime factors of f.
2, 5, 7
Let h(j) = j**2 - 37*j - 580. Let m be h(49). Let x be 4/(-2) + 33*9. Suppose -7*o = -m*o + x. List the prime factors of o.
5, 59
Let f(l) = 3*l + 266. Suppose 0 = 4*n - 16, 2*n = -2*b - 0*n + 8. What are the prime factors of f(b)?
2, 7, 19
Let k(i) = -181*i**3 - 24*i**2 - 40*i - 7. What are the prime factors of k(-7)?
2, 5, 7, 19, 23
Let v(k) = -39*k + 0 + 6*k - 1. What are the prime factors of v(-4)?
131
Let w be (-2 - (-1)/3)/((-21)/63). List the prime factors of (18*(-45)/(-40))/(w/100).
3, 5
Let k(y) = 20*y**2 - 8*y - 82. Let o be k(11). Suppose 5*i = -2*r + 1106 + o, 2*i - 1337 = r. What are the prime factors of i?
2, 5, 67
Let v(r) = 119*r**2 + 84*r + 64. What are the prime factors of v(15)?
28099
Suppose 0 = 8*h - 12988 - 71860. List the prime factors of h.
2, 5303
Let r = -193 - -349. Suppose 2*a = -4*y + r, -540 = -5*a - 4*y - 120. List the prime factors of a.
2, 11
Let q(c) = 472*c + 760. List the prime factors of q(16).
2, 1039
Let c be -3 - (-6 + 7 + -6). What are the prime factors of 1120 + -3 + 6/c - -3?
1123
Let n(v) = -104*v + 1734. What are the prime factors of n(-14)?
2, 5, 11, 29
Let z(a) be the second derivative of a**4/4 - 11*a**3/6 - 15*a**2/2 + 88*a + 2. Let l(i) = -i**3 + 4*i**2. Let c be l(3). List the prime factors of z(c).
3, 43
Suppose -41*q + 37849 = 19126 - 87877. What are the prime factors of q?
2, 5, 13
Let z = 25 - 21. Let n be z + (-72)/20 - 4/10. Suppose n = -2*l + 5*f + 77, -5*l = 5*f + 71 - 281. List the prime factors of l.
41
Let q(k) = 13 + 4*k - k - 4. Let m = -2942 - -2949. List the prime factors of q(m).
2, 3, 5
Suppose -4*n + 7 = 5*p, -3*n - 9 + 15 = 3*p. Suppose n*g + 640 = 2*b, -4*b = -8*b - 4*g + 1240. List the prime factors of b.
2, 157
Let f be (-3)/(-4) + 771/12. List the prime factors of (f/39)/(3/468).
2, 5, 13
Let s(h) = -2*h**2 + 12*h - 7. Let b be s(5). Let l be (-4)/b*(-9)/4. Suppose l*g - 4*g = -24. What are the prime factors of g?
2, 3
Let a = 358 - 354. What are the prime factors of a/1 - 4/(-8)*734?
7, 53
List the prime factors of (-2434734)/(-135) + (-17)/255 - -6.
18041
Suppose 0*o - 125 = -5*o. Suppose 23*r - 639 = -87. Let f = o + r. What are the prime factors of f?
7
Suppose 243 = -5*x + 2388. Suppose 2*w - x = -159. Suppose 0*y = -5*y + w. What are the prime factors of y?
3
Suppose 3*k + l - 13679 = 0, 5*k - 60*l - 22770 = -56*l. What are the prime factors of k?
2, 43, 53
Let z = -1774 + 11816. What are the prime factors of z?
2, 5021
Suppose 0 = 30*d - 25*d - 25. Suppose 12 = s - 4*s + 3*q, -s + d*q + 4 = 0. Let f(v) = 4*v**2 + 9*v + 4. List the prime factors of f(s).
2, 47
Suppose -23*s + 73821 = -18225. What are the prime factors of s?
2, 3, 23, 29
Let d be 27887/(-3) + (-6)/(-9) + 0. Let k be d/(-33) - 1/(-3). Let z = -169 + k. List the prime factors of z.
113
Suppose -4*d + 261 + 1383 = 4*p, -3*d - 1658 = -4*p. List the prime factors of p - (2 - (8 - 4) - 1).
2, 13
Let w(m) be the first deriv